{"id":162,"date":"2013-06-19T18:31:01","date_gmt":"2013-06-19T18:31:01","guid":{"rendered":"http:\/\/www.persaldo.eu\/cms\/?page_id=162"},"modified":"2024-06-19T08:21:40","modified_gmt":"2024-06-19T08:21:40","slug":"gemeenschappelijke-regeling-avu","status":"publish","type":"page","link":"https:\/\/www.avu.nl\/cms\/?page_id=162","title":{"rendered":"GR AVU"},"content":{"rendered":"<p style=\"text-align: justify;\">De gemeenschappelijke regeling\u00a0Afval Verwijdering Utrecht\u00a0is een gemeenschappelijke regeling ingevolge de Wet gemeenschappelijke regelingen en\u00a0beheert verwerkingscontracten voor de 25 deelnemende gemeenten.\u00a0De be- en verwerkingskosten worden &#8221;\u00e9\u00e9n op \u00e9\u00e9n&#8221; doorberekend aan de deelnemende gemeenten.<\/p>\n<p style=\"text-align: justify;\">U kunt hier de gemeenschappelijke regeling inzien:\u00a0<a href=\"http:\/\/www.avu.nl\/cms\/wp-content\/uploads\/2024\/06\/Gemeenschappelijke-regeling-AVU-versie-1-2023.pdf\">Herziene regeling 2023<\/a><\/p>\n","protected":false},"excerpt":{"rendered":"<p>De gemeenschappelijke regeling\u00a0Afval Verwijdering Utrecht\u00a0is een gemeenschappelijke regeling ingevolge de Wet gemeenschappelijke regelingen en\u00a0beheert verwerkingscontracten voor de 25 deelnemende gemeenten.\u00a0De be- en verwerkingskosten worden &#8221;\u00e9\u00e9n op \u00e9\u00e9n&#8221; doorberekend aan de deelnemende gemeenten. U kunt hier de gemeenschappelijke regeling inzien:\u00a0Herziene regeling 2023<\/p>\n","protected":false},"author":1,"featured_media":0,"parent":14,"menu_order":30,"comment_status":"open","ping_status":"open","template":"","meta":{"footnotes":""},"class_list":["post-162","page","type-page","status-publish","hentry"],"_links":{"self":[{"href":"https:\/\/www.avu.nl\/cms\/index.php?rest_route=\/wp\/v2\/pages\/162","targetHints":{"allow":["GET"]}}],"collection":[{"href":"https:\/\/www.avu.nl\/cms\/index.php?rest_route=\/wp\/v2\/pages"}],"about":[{"href":"https:\/\/www.avu.nl\/cms\/index.php?rest_route=\/wp\/v2\/types\/page"}],"author":[{"embeddable":true,"href":"https:\/\/www.avu.nl\/cms\/index.php?rest_route=\/wp\/v2\/users\/1"}],"replies":[{"embeddable":true,"href":"https:\/\/www.avu.nl\/cms\/index.php?rest_route=%2Fwp%2Fv2%2Fcomments&post=162"}],"version-history":[{"count":18,"href":"https:\/\/www.avu.nl\/cms\/index.php?rest_route=\/wp\/v2\/pages\/162\/revisions"}],"predecessor-version":[{"id":1013,"href":"https:\/\/www.avu.nl\/cms\/index.php?rest_route=\/wp\/v2\/pages\/162\/revisions\/1013"}],"up":[{"embeddable":true,"href":"https:\/\/www.avu.nl\/cms\/index.php?rest_route=\/wp\/v2\/pages\/14"}],"wp:attachment":[{"href":"https:\/\/www.avu.nl\/cms\/index.php?rest_route=%2Fwp%2Fv2%2Fmedia&parent=162"}],"curies":[{"name":"wp","href":"https:\/\/api.w.org\/{rel}","templated":true}]}}